{"id":177,"date":"2021-10-18T17:21:59","date_gmt":"2021-10-18T15:21:59","guid":{"rendered":"https:\/\/www.ste-tun-microbio.com\/?page_id=177"},"modified":"2025-08-07T11:07:27","modified_gmt":"2025-08-07T09:07:27","slug":"manifestations-scientifiques","status":"publish","type":"page","link":"https:\/\/www.ste-tun-microbio.com\/index.php\/manifestations-scientifiques\/","title":{"rendered":"Manifestations Scientifiques"},"content":{"rendered":"\t\t<div data-elementor-type=\"wp-page\" data-elementor-id=\"177\" class=\"elementor elementor-177\">\n\t\t\t\t\t\t<section class=\"elementor-section elementor-top-section elementor-element elementor-element-1317ae30 elementor-section-boxed elementor-section-height-default elementor-section-height-default\" data-id=\"1317ae30\" data-element_type=\"section\">\n\t\t\t\t\t\t<div class=\"elementor-container elementor-column-gap-default\">\n\t\t\t\t\t<div class=\"elementor-column elementor-col-100 elementor-top-column elementor-element elementor-element-456378d\" data-id=\"456378d\" data-element_type=\"column\">\n\t\t\t<div class=\"elementor-widget-wrap elementor-element-populated\">\n\t\t\t\t\t\t<div class=\"elementor-element elementor-element-316729ea elementor-widget elementor-widget-text-editor\" data-id=\"316729ea\" data-element_type=\"widget\" data-widget_type=\"text-editor.default\">\n\t\t\t\t<div class=\"elementor-widget-container\">\n\t\t\t\t\t\t\t\t\t<p><\/p>\n<p>\n\n<\/p>\n<p><strong>Depuis sa cr\u00e9ation en 2004, la Soci\u00e9t\u00e9 Tunisienne de Microbiologie ne cesse d\u2019\u00eatre un acteur dynamique au c\u0153ur de diverses manifestations scientifiques <u>nationales<\/u> et <u>internationales<\/u> qu\u2019elle organise seule ou en partenariat avec d\u2019autres soci\u00e9t\u00e9s scientifiques.<\/strong><\/p>\n<p style=\"color: #222222; font-family: 'bookman old style', 'new york', times, serif; line-height: normal; background-image: initial; background-position: initial; background-size: initial; background-repeat: initial; background-attachment: initial; background-origin: initial; background-clip: initial;\"><b><u><span style=\"font-size: 12pt; font-family: Arial, sans-serif; color: #993366;\">ANNEE 2024<\/span><\/u><\/b><\/p>\n<ul style=\"color: #222222; font-family: 'bookman old style', 'new york', times, serif;\" type=\"disc\">\n<li style=\"margin-left: 15px; color: dimgray; line-height: normal; background-image: initial; background-position: initial; background-size: initial; background-repeat: initial; background-attachment: initial; background-origin: initial; background-clip: initial;\"><b><span style=\"font-size: 12pt; font-family: Arial, sans-serif;\">1\u00e8re Ecole Th\u00e9matique \u00ab Antibior\u00e9sistance \u00bb: Module 3: Le s\u00e9quen\u00e7age au service de l\u2019antibior\u00e9sistance<\/span><\/b><\/li>\n<li style=\"margin-left: 15px; color: dimgray; line-height: normal; background-image: initial; background-position: initial; background-size: initial; background-repeat: initial; background-attachment: initial; background-origin: initial; background-clip: initial;\"><b><span style=\"font-size: 12pt; font-family: Arial, sans-serif;\">Atelier Pratique sur Les Huiles Essentielles : Extraction et valorisation<\/span><\/b><\/li>\n<li style=\"margin-left: 15px; color: dimgray; line-height: normal; background-image: initial; background-position: initial; background-size: initial; background-repeat: initial; background-attachment: initial; background-origin: initial; background-clip: initial;\"><b><span style=\"font-size: 12pt; font-family: Arial, sans-serif;\">La formation SEPSIS<\/span><\/b><\/li>\n<li style=\"margin-left: 15px; color: dimgray; line-height: normal; background-image: initial; background-position: initial; background-size: initial; background-repeat: initial; background-attachment: initial; background-origin: initial; background-clip: initial;\"><b><span style=\"font-size: 12pt; font-family: Arial, sans-serif;\">XVII\u00e8mes Journ\u00e9es Nationales &amp;\u00a0\u00a0V\u00e8mes Journ\u00e9es Internationales de Microbiologie \u00abGlobal Health, Shared Responsibility\u00bb<\/span><\/b><\/li>\n<li style=\"margin-left: 15px; color: dimgray; line-height: normal; background-image: initial; background-position: initial; background-size: initial; background-repeat: initial; background-attachment: initial; background-origin: initial; background-clip: initial;\"><b><span style=\"font-size: 12pt; font-family: Arial, sans-serif;\">Workshop : \u00abAntibiogramme en pratique : de la r\u00e9alisation technique \u00e0 l\u2019interpr\u00e9tation\u00bb<\/span><\/b><\/li>\n<li style=\"margin-left: 15px; color: dimgray; line-height: normal; background-image: initial; background-position: initial; background-size: initial; background-repeat: initial; background-attachment: initial; background-origin: initial; background-clip: initial;\"><b><span style=\"font-size: 12pt; font-family: Arial, sans-serif;\">2\u00e8me Ecole Th\u00e9matique \u00ab\u00a0Antibior\u00e9sistance \u00ab\u00a0<\/span><\/b><\/li>\n<\/ul>\n<p style=\"color: #222222; font-family: 'bookman old style', 'new york', times, serif; line-height: normal; background-image: initial; background-position: initial; background-size: initial; background-repeat: initial; background-attachment: initial; background-origin: initial; background-clip: initial;\"><b><u><span style=\"font-size: 12pt; font-family: Arial, sans-serif; color: #993366;\">ANNEE 2023<\/span><\/u><\/b><b><\/b><\/p>\n<ul style=\"color: #222222; font-family: 'bookman old style', 'new york', times, serif;\" type=\"disc\">\n<li style=\"margin-left: 15px; color: dimgray; line-height: normal; background-image: initial; background-position: initial; background-size: initial; background-repeat: initial; background-attachment: initial; background-origin: initial; background-clip: initial;\"><b><span dir=\"RTL\" lang=\"AR-SA\" style=\"font-size: 12pt; font-family: Arial, sans-serif;\">1<\/span><\/b><b><span style=\"font-size: 12pt; font-family: Arial, sans-serif;\">er Atelier Pratique sur\u00a0<span dir=\"RTL\" lang=\"AR-SA\">\u00ab\u00a0<\/span>Les Huiles Essentielles: Extraction et valorisation<\/span><\/b><\/li>\n<li style=\"margin-left: 15px; color: dimgray; line-height: normal; background-image: initial; background-position: initial; background-size: initial; background-repeat: initial; background-attachment: initial; background-origin: initial; background-clip: initial;\"><b><span style=\"font-size: 12pt; font-family: Arial, sans-serif;\">La journ\u00e9e de formation sur \u00ab<i>Helicobacter pylori<\/i>\u00bb<\/span><\/b><\/li>\n<li style=\"margin-left: 15px; color: dimgray; line-height: normal; background-image: initial; background-position: initial; background-size: initial; background-repeat: initial; background-attachment: initial; background-origin: initial; background-clip: initial;\"><b><span style=\"font-size: 12pt; font-family: Arial, sans-serif;\">Journ\u00e9e de formation sur L&rsquo;antibiogramme : \u201cLes recommandations CASFM EUCAST en pratique\u00a0\u00bb<\/span><\/b><\/li>\n<li style=\"margin-left: 15px; color: dimgray; line-height: normal; background-image: initial; background-position: initial; background-size: initial; background-repeat: initial; background-attachment: initial; background-origin: initial; background-clip: initial;\"><b><span style=\"font-size: 12pt; font-family: Arial, sans-serif;\">La 1<sup>\u00e8re<\/sup>\u00a0Ecole Th\u00e9matique: \u00abl\u2019antibior\u00e9sistance\u00bb<\/span><\/b><\/li>\n<li style=\"margin-left: 15px; color: dimgray; line-height: normal; background-image: initial; background-position: initial; background-size: initial; background-repeat: initial; background-attachment: initial; background-origin: initial; background-clip: initial;\"><b><span style=\"font-size: 12pt; font-family: Arial, sans-serif;\">1<sup>\u00e8re<\/sup>\u00a0Ecole Th\u00e9matique \u00ab Antibior\u00e9sistance \u00bb\u00a0: Module 2 La biologie mol\u00e9culaire pour l\u2019antibior\u00e9sistance<\/span><\/b><\/li>\n<li style=\"margin-left: 15px; color: dimgray; line-height: normal; background-image: initial; background-position: initial; background-size: initial; background-repeat: initial; background-attachment: initial; background-origin: initial; background-clip: initial;\"><b><span style=\"font-size: 12pt; font-family: Arial, sans-serif;\">Seizi\u00e8mes Journ\u00e9es Nationales &amp; Quatri\u00e8mes Journ\u00e9es Internationales deMicrobiologie \u00abOne World, One Health\u00bb<\/span><\/b><\/li>\n<\/ul>\n<p style=\"color: #222222; font-family: 'bookman old style', 'new york', times, serif; line-height: normal; background-image: initial; background-position: initial; background-size: initial; background-repeat: initial; background-attachment: initial; background-origin: initial; background-clip: initial;\"><b><u><span style=\"font-size: 12pt; font-family: Arial, sans-serif; color: #993366;\">ANNEE 2022<\/span><\/u><\/b><\/p>\n<ul style=\"color: #222222; font-family: 'bookman old style', 'new york', times, serif;\" type=\"disc\">\n<li style=\"margin-left: 15px; color: dimgray; line-height: normal; background-image: initial; background-position: initial; background-size: initial; background-repeat: initial; background-attachment: initial; background-origin: initial; background-clip: initial;\"><b><span style=\"font-size: 12pt; font-family: Arial, sans-serif;\">Journ\u00e9e\u00a0\u00a0Internationale des Micro-Organismes<\/span><\/b><\/li>\n<li style=\"margin-left: 15px; color: dimgray; line-height: normal; background-image: initial; background-position: initial; background-size: initial; background-repeat: initial; background-attachment: initial; background-origin: initial; background-clip: initial;\"><b><span style=\"font-size: 12pt; font-family: Arial, sans-serif;\">Formation compl\u00e9mentaire en Virologie; Eruptions\u00a0f\u00e9briles virales<\/span><\/b><\/li>\n<li style=\"margin-left: 15px; color: dimgray; line-height: normal; background-image: initial; background-position: initial; background-size: initial; background-repeat: initial; background-attachment: initial; background-origin: initial; background-clip: initial;\"><b><span style=\"font-size: 12pt; font-family: Arial, sans-serif;\">Quinzi\u00e8mes Journ\u00e9es Nationales &amp; Troisi\u00e8mes Journ\u00e9es Internationales de Microbiologie \u00abOne World, One Health\u00bb<\/span><\/b><\/li>\n<li style=\"margin-left: 15px; color: dimgray; line-height: normal; background-image: initial; background-position: initial; background-size: initial; background-repeat: initial; background-attachment: initial; background-origin: initial; background-clip: initial;\"><b><span style=\"font-size: 12pt; font-family: Arial, sans-serif;\">Formation continue sur le th\u00e8me : LE PERIL FECAL NOUS GUETTE! ! !<\/span><\/b><\/li>\n<\/ul>\n<p style=\"color: #222222; font-family: 'bookman old style', 'new york', times, serif; line-height: normal; background-image: initial; background-position: initial; background-size: initial; background-repeat: initial; background-attachment: initial; background-origin: initial; background-clip: initial;\"><b><u><span style=\"font-size: 12pt; font-family: Arial, sans-serif; color: #993366;\">ANNEE 2021<\/span><\/u><\/b><b><\/b><\/p>\n<ul style=\"color: #222222; font-family: 'bookman old style', 'new york', times, serif;\" type=\"disc\">\n<li style=\"margin-left: 15px; color: dimgray; line-height: normal; background-image: initial; background-position: initial; background-size: initial; background-repeat: initial; background-attachment: initial; background-origin: initial; background-clip: initial;\"><b><span style=\"font-size: 12pt; font-family: Arial, sans-serif;\">Antibiogramme, Difficult\u00e9s d\u2019interpr\u00e9tation<\/span><\/b><\/li>\n<li style=\"margin-left: 15px; color: dimgray; line-height: normal; background-image: initial; background-position: initial; background-size: initial; background-repeat: initial; background-attachment: initial; background-origin: initial; background-clip: initial;\"><b><span style=\"font-size: 12pt; font-family: Arial, sans-serif;\">Initiation \u00e0 la bioinformatique<\/span><\/b><\/li>\n<li style=\"margin-left: 15px; color: dimgray; line-height: normal; background-image: initial; background-position: initial; background-size: initial; background-repeat: initial; background-attachment: initial; background-origin: initial; background-clip: initial;\"><b><span style=\"font-size: 12pt; font-family: Arial, sans-serif;\">Bioinformatique<span dir=\"RTL\" lang=\"AR-SA\">:\u00a0<\/span>Analyse phylog\u00e9ographique<\/span><\/b><\/li>\n<li style=\"margin-left: 15px; color: dimgray; line-height: normal; background-image: initial; background-position: initial; background-size: initial; background-repeat: initial; background-attachment: initial; background-origin: initial; background-clip: initial;\"><b><span style=\"font-size: 12pt; font-family: Arial, sans-serif;\">Atelier sur PCR Digitale<\/span><\/b><\/li>\n<li style=\"margin-left: 15px; color: dimgray; line-height: normal; background-image: initial; background-position: initial; background-size: initial; background-repeat: initial; background-attachment: initial; background-origin: initial; background-clip: initial;\"><b><span style=\"font-size: 12pt; font-family: Arial, sans-serif;\">Les Quatorzi\u00e8mes Journ\u00e9es Nationales et Deuxi\u00e8mes Journ\u00e9es Internationales de Microbiologie \u00abOne World, One Health\u00bb<\/span><\/b><\/li>\n<\/ul>\n<p>\n\n<\/p>\n<p style=\"color: #993366;\"><strong><u>ANNEE 2020 <\/u><\/strong><\/p>\n<p>\n\n<\/p>\n<ul class=\"wp-block-list\">\n<li><strong>13-14 Novembre, En ligne, Tunisie\u00a0: Webinaire \u00ab\u00a0Les chercheurs Tunisiens face \u00e0 la pand\u00e9mie COVID-19\u00a0\u00bb<\/strong><\/li>\n<\/ul>\n<p>\n\n<\/p>\n<p style=\"color: #993366;\"><strong><u>ANNEE 2019 <\/u><\/strong><\/p>\n<p>\n\n<\/p>\n<ul class=\"wp-block-list\">\n<li><strong>15-16 Novembre, Monastir, Tunisie\u00a0: Formation d\u2019Initiation \u00e0 la Cytom\u00e9trie en flux<\/strong><\/li>\n<li><strong>8-10 Mars, Hammamet, Tunisie : Les 1\u00e8res Journ\u00e9es Internationales de Microbiologie <\/strong><\/li>\n<\/ul>\n<p>\n\n<\/p>\n<p style=\"color: #993366;\"><strong><u>ANNEE 2018 <\/u><\/strong><\/p>\n<p>\n\n<\/p>\n<ul class=\"wp-block-list\">\n<li><strong>27-28 Septembre, Monastir, Tunisie : Atelier de Bioinformatique Analyse des donn\u00e9es NGS\u00a0: Assemblage et annotation des g\u00e9nomes <\/strong><\/li>\n<\/ul>\n<p>\n\n<\/p>\n<p style=\"color: #993366;\"><strong><u>ANNEE 2017 <\/u><\/strong><\/p>\n<p>\n\n<\/p>\n<ul class=\"wp-block-list\">\n<li><strong>17-19 Novembre,\u00a0 Hammamet, Tunisie : les 13<sup>\u00e8mes<\/sup> Journ\u00e9es\u00a0 Nationales de Microbiologie <\/strong><\/li>\n<li><strong>17 Novembre, Hammamet, Tunisie : Workshop: Contr\u00f4le qualit\u00e9 en Biologie Mol\u00e9culaire : du mat\u00e9riel de d\u00e9part aux r\u00e9sultats finaux (Quantit\u00e9, Puret\u00e9, Distribution) <\/strong><\/li>\n<li><strong>17 Novembre, Hammamet, Tunisie : Workshop: L&rsquo;antibiogramme selon l&rsquo;EUCAST 2017: int\u00e9r\u00eat des tests compl\u00e9mentaires <\/strong><\/li>\n<li><strong>18 et 19 Octobre, Tunis, Tunisie : Premier Workshop sur les Activit\u00e9s Antivirales<\/strong><\/li>\n<\/ul>\n<p>\n\n<\/p>\n<p style=\"color: #993366;\"><strong><u>ANNEE 2016 <\/u><\/strong><\/p>\n<p>\n\n<\/p>\n<ul class=\"wp-block-list\">\n<li><strong>18-20 Novembre,\u00a0 Hammamet, Tunisie : les 12<sup>\u00e8mes<\/sup> Journ\u00e9es\u00a0 Nationales de Microbiologie (Renvoyez \u00e0 la manif en question)<\/strong><\/li>\n<\/ul>\n<p>\n\n<\/p>\n<p style=\"color: #993366;\"><strong><u>ANNEE 2015 <\/u><\/strong><\/p>\n<p>\n\n<\/p>\n<ul class=\"wp-block-list\">\n<li><strong>26-28 Novembre, Monastir, Tunisie\u00a0: les 6<sup>\u00e8mes<\/sup> Journ\u00e9es Nationales de Cytom\u00e9trie en Flux <\/strong><\/li>\n<li><strong>13-15 Novembre, Hammamet, Tunisie\u00a0: les 11<sup>\u00e8mes<\/sup> Journ\u00e9es Nationales de Microbiologie <\/strong><\/li>\n<li><strong>3-5 Juin, Monastir, Tunisie\u00a0: Atelier de Bioinformatique G\u00e9nomique et Structurale <\/strong><\/li>\n<li><strong>21 Mai, Tunis, Tunisie\u00a0: Atelier\u00a0sur la PCR en Temps R\u00e9el, applications en Microbiologie Clinique. <\/strong><\/li>\n<\/ul>\n<p>\n\n<\/p>\n<p style=\"color: #993366;\"><strong><u>ANNEE 2014<\/u><\/strong><\/p>\n<p>\n\n<\/p>\n<ul class=\"wp-block-list\">\n<li><strong>8-10 D\u00e9cembre 2014, Tunis, TUNISIE\u00a0: XII<sup>\u00e8me<\/sup> Cours du Nord d\u2019Hygi\u00e8ne et de S\u00e9curit\u00e9 des Soins<\/strong><\/li>\n<li><strong>14 -16 Novembre, Hammamet, TUNISIE\u00a0:Les 10<sup>\u00e8mes<\/sup> Journ\u00e9es Scientifiques de la STM.<\/strong><\/li>\n<\/ul>\n<p>\n\n<\/p>\n<p style=\"color: #993366;\"><strong><u>ANNEE 2013<\/u><\/strong><\/p>\n<p>\n\n<\/p>\n<ul class=\"wp-block-list\">\n<li><strong>20 D\u00e9cembre, Monastir, TUNISIE\u00a0: Journ\u00e9e scientifique \u00ab La Bioinformatique \u00bb<\/strong><\/li>\n<li><strong>15 -17 Novembre, Hammamet, TUNISIE\u00a0:Les 9<sup>\u00e8mes<\/sup> Journ\u00e9es Scientifiques de la STM. <\/strong><\/li>\n<li><strong>23-25 Octobre, Marrakech, MAROC\u00a0: Les 1<sup>\u00e8res<\/sup> Journ\u00e9es Franco-maghr\u00e9bines de Virologie. <\/strong><\/li>\n<li><strong>6 Juin, Tunis, TUNISIE\u00a0: Journ\u00e9e scientifique \u00ab La PCR en Temps R\u00e9el , applications en Microbiologie Clinique\u00a0\u00bb <\/strong><\/li>\n<li><strong>7-9 Mars, Monastir, TUNISIE\u00a0: Les 5<sup>\u00e8mes<\/sup> Journ\u00e9es nationales de Cytom\u00e9trie en Flux.<\/strong><\/li>\n<\/ul>\n<p>\n\n<\/p>\n<p style=\"color: #993366;\"><strong><u>ANNEE 2012<\/u><\/strong><\/p>\n<p>\n\n<\/p>\n<ul class=\"wp-block-list\">\n<li><strong>22 -25 Novembre, Hammamet, TUNISIE\u00a0:Les 8<sup>\u00e8mes<\/sup> Journ\u00e9es Scientifiques de la STM. <\/strong><\/li>\n<li><strong>16 Mai, Tunis, TUNISIE\u00a0: Journ\u00e9e Scientifique \u00ab\u00a0<em>Helicobacter pylori<\/em> et cancers digestifs\u00a0: Actualit\u00e9s en 2012\u00a0\u00bb<\/strong><\/li>\n<li><strong>7 Mars, Monastir, TUNISIE\u00a0: Premi\u00e8re Journ\u00e9e d\u2019Analyse de S\u00e9quences et Phylog\u00e9nie <\/strong><\/li>\n<li><strong>23-25 F\u00e9vrier, Monastir, TUNISIE\u00a0: Le 2<sup>\u00e8me<\/sup> Congr\u00e8s M\u00e9diterran\u00e9en de Cytom\u00e9trie et les 4<sup>\u00e8mes<\/sup> Journ\u00e9es Nationales de Cytom\u00e9trie en Flux<\/strong><\/li>\n<\/ul>\n<p>\n\n<\/p>\n<p style=\"color: #993366;\"><strong><u>ANNEE 2011<\/u> <\/strong><\/p>\n<p>\n\n<\/p>\n<ul class=\"wp-block-list\">\n<li><strong>5-27 Novembre, Hammamet, TUNISIE\u00a0:Les 7<sup>\u00e8mes<\/sup> Journ\u00e9es Scientifiques de la STM.<\/strong><\/li>\n<\/ul>\n<p>\n\n<\/p>\n<p style=\"color: #993366;\"><strong><u>ANNEE 2010<\/u><\/strong><\/p>\n<p>\n\n<\/p>\n<ul class=\"wp-block-list\">\n<li><strong>22-24 Octobre, Hammamet, TUNISIE\u00a0:Les 6<sup>\u00e8mes<\/sup> Journ\u00e9es Scientifiques de la STM. <\/strong><\/li>\n<li><strong>25-27 Avril, Monastir, TUNISIE\u00a0: Le 3<sup>\u00e8me<\/sup> Salon des Associations.<\/strong><\/li>\n<li><strong>11-13 F\u00e9vrier, Monastir, TUNISIE\u00a0: Le 1<sup>er<\/sup> Congr\u00e8s M\u00e9diterran\u00e9en de Cytom\u00e9trie et les 3<sup>\u00e8mes<\/sup> Journ\u00e9es Nationales de Cytom\u00e9trie en Flux<\/strong><\/li>\n<li><strong>22-23 Janvier, Tunis, TUNISIE\u00a0: Journ\u00e9e Scientifique \u00ab\u00a0<em>Helicobacter pylori<\/em> et cancers digestifs \u00bb<\/strong><\/li>\n<\/ul>\n<p>\n\n<\/p>\n<p style=\"color: #993366;\"><strong><u>ANNEE 2009<\/u><\/strong><\/p>\n<p>\n\n<\/p>\n<ul class=\"wp-block-list\">\n<li><strong>30 Octobre \u2013 1<sup>er<\/sup> Novembre, Hammamet, TUNISIE\u00a0:Les 5<sup>\u00e8mes<\/sup> Journ\u00e9es Scientifiques de la STM <\/strong><\/li>\n<li><strong>6-8 Juin, Hammamet, TUNISIE\u00a0: Colloque Scientifique \u00ab Rage et Maladies Virales Emergentes en M\u00e9diterran\u00e9e\u00bb<\/strong><\/li>\n<li><strong>24-26 Avril, Monastir, TUNISIE\u00a0: Le 2<sup>\u00e8me<\/sup> Salon des Associations.<\/strong><\/li>\n<li><strong>15-17 Janvier, Monastir, TUNISIE\u00a0: les 2<sup>\u00e8mes<\/sup> Journ\u00e9es Nationales de Cytom\u00e9trie en Flux<\/strong><\/li>\n<\/ul>\n<p>\n\n<\/p>\n<p style=\"color: #993366;\"><strong><u>ANNEE 2008<\/u><\/strong><\/p>\n<p>\n\n<\/p>\n<ul class=\"wp-block-list\">\n<li><strong>28-30 Novembre, Tunis, TUNISIE\u00a0: <em>The \u00ab\u00a0NEPAD Biotechnology Workshop\u00a0: Challenges for North Africa and Promises for a Regional Integrated Program\u00a0\u00bb<\/em>.<\/strong><\/li>\n<li><strong>7-9 Novembre, Hammamet, TUNISIE\u00a0:Les 4<sup>\u00e8mes<\/sup> Journ\u00e9es Scientifiques de la STM.<\/strong><\/li>\n<\/ul>\n<p>\n\n<\/p>\n<p style=\"color: #993366;\"><strong><u>ANNEE 2007<\/u><\/strong><\/p>\n<p>\n\n<\/p>\n<ul class=\"wp-block-list\">\n<li><strong>9-11 Novembre, Monastir, TUNISIE\u00a0:Les 3<sup>\u00e8mes<\/sup> Journ\u00e9es Scientifiques de la STM. <\/strong><\/li>\n<li><strong>26-27 Octobre, Monastir, TUNISIE\u00a0: Les 1<sup>\u00e8res<\/sup> Journ\u00e9es Nationales de Cytom\u00e9trie en Flux <\/strong><\/li>\n<li><strong>24-28 Mars, Tunis, TUNISIE\u00a0: The <em>\u00ab Model legumes congress MLC \u00bb<\/em><\/strong><\/li>\n<li><strong>22-24 Mars, Tunis, TUNISIE\u00a0: <em>The \u00ab Abiotic stress in legumes \u00bb Congress<\/em><\/strong><\/li>\n<\/ul>\n<p>\n\n<\/p>\n<p style=\"color: #993366;\"><strong><u>ANNEE 2006<\/u><\/strong><\/p>\n<p>\n\n<\/p>\n<ul class=\"wp-block-list\">\n<li><strong>17-20 D\u00e9cembre, Hammamet, TUNISIE\u00a0:Les 2<sup>\u00e8mes<\/sup> Journ\u00e9es Scientifiques de la STM<\/strong><\/li>\n<li><strong>7 d\u00e9cembre, Paris, FRANCE\u00a0: Table ronde \u00ab\u00a0L\u2019infection \u00e0 <em>Helicobacter pylori<\/em> chez l\u2019enfant\u00a0\u00bb<\/strong><\/li>\n<li><strong>17-18 Novembre, Tunis, TUNISIE\u00a0: Congr\u00e8s \u00ab\u00a0Virus et Cancer\u00a0\u00bb<\/strong><\/li>\n<\/ul>\n<p>\n\n<\/p>\n<p style=\"color: #993366;\"><strong><u>ANNEE 2005<\/u><\/strong><\/p>\n<p>\n\n<\/p>\n<ul class=\"wp-block-list\">\n<li><strong>17-20 D\u00e9cembre, Hammamet, TUNISIE\u00a0:Les 1<sup>\u00e8res<\/sup> Journ\u00e9es Scientifiques de la STM<\/strong><\/li>\n<li><strong>28 Septembre &#8211; 1<sup>er<\/sup> Octobre, Monastir, TUNISIE\u00a0: Le 1<sup>er<\/sup> Congr\u00e8s Franco-Tunisien sur les Virus Ent\u00e9riques<\/strong><\/li>\n<\/ul>\n<p>\n\n<\/p>\n<p><\/p>\t\t\t\t\t\t\t\t<\/div>\n\t\t\t\t<\/div>\n\t\t\t\t\t<\/div>\n\t\t<\/div>\n\t\t\t\t\t<\/div>\n\t\t<\/section>\n\t\t\t\t<\/div>\n\t\t","protected":false},"excerpt":{"rendered":"<p>Depuis sa cr\u00e9ation en 2004, la Soci\u00e9t\u00e9 Tunisienne de Microbiologie ne cesse d\u2019\u00eatre un acteur dynamique au c\u0153ur de diverses manifestations scientifiques nationales et internationales qu\u2019elle organise seule ou en partenariat avec d\u2019autres soci\u00e9t\u00e9s scientifiques. ANNEE 2024 1\u00e8re Ecole Th\u00e9matique \u00ab Antibior\u00e9sistance \u00bb: Module 3: Le s\u00e9quen\u00e7age au service de l\u2019antibior\u00e9sistance Atelier Pratique sur Les [&hellip;]<\/p>\n","protected":false},"author":1,"featured_media":0,"parent":0,"menu_order":0,"comment_status":"closed","ping_status":"closed","template":"","meta":{"footnotes":""},"class_list":["post-177","page","type-page","status-publish","hentry"],"_links":{"self":[{"href":"https:\/\/www.ste-tun-microbio.com\/index.php\/wp-json\/wp\/v2\/pages\/177","targetHints":{"allow":["GET"]}}],"collection":[{"href":"https:\/\/www.ste-tun-microbio.com\/index.php\/wp-json\/wp\/v2\/pages"}],"about":[{"href":"https:\/\/www.ste-tun-microbio.com\/index.php\/wp-json\/wp\/v2\/types\/page"}],"author":[{"embeddable":true,"href":"https:\/\/www.ste-tun-microbio.com\/index.php\/wp-json\/wp\/v2\/users\/1"}],"replies":[{"embeddable":true,"href":"https:\/\/www.ste-tun-microbio.com\/index.php\/wp-json\/wp\/v2\/comments?post=177"}],"version-history":[{"count":14,"href":"https:\/\/www.ste-tun-microbio.com\/index.php\/wp-json\/wp\/v2\/pages\/177\/revisions"}],"predecessor-version":[{"id":1925,"href":"https:\/\/www.ste-tun-microbio.com\/index.php\/wp-json\/wp\/v2\/pages\/177\/revisions\/1925"}],"wp:attachment":[{"href":"https:\/\/www.ste-tun-microbio.com\/index.php\/wp-json\/wp\/v2\/media?parent=177"}],"curies":[{"name":"wp","href":"https:\/\/api.w.org\/{rel}","templated":true}]}}