{"id":1974,"date":"2025-08-08T11:53:54","date_gmt":"2025-08-08T09:53:54","guid":{"rendered":"https:\/\/www.ste-tun-microbio.com\/?page_id=1974"},"modified":"2025-11-15T11:07:23","modified_gmt":"2025-11-15T10:07:23","slug":"inscription-aux-18-emes-journees-de-microbiologie-et-6eme-journee-internationales","status":"publish","type":"page","link":"https:\/\/www.ste-tun-microbio.com\/index.php\/inscription-aux-18-emes-journees-de-microbiologie-et-6eme-journee-internationales\/","title":{"rendered":""},"content":{"rendered":"\t\t<div data-elementor-type=\"wp-page\" data-elementor-id=\"1974\" class=\"elementor elementor-1974\">\n\t\t\t\t\t\t<section class=\"elementor-section elementor-top-section elementor-element elementor-element-90300cb elementor-section-boxed elementor-section-height-default elementor-section-height-default\" data-id=\"90300cb\" data-element_type=\"section\">\n\t\t\t\t\t\t<div class=\"elementor-container elementor-column-gap-default\">\n\t\t\t\t\t<div class=\"elementor-column elementor-col-100 elementor-top-column elementor-element elementor-element-6005e70\" data-id=\"6005e70\" data-element_type=\"column\">\n\t\t\t<div class=\"elementor-widget-wrap elementor-element-populated\">\n\t\t\t\t\t\t<div class=\"elementor-element elementor-element-e515882 elementor-widget elementor-widget-heading\" data-id=\"e515882\" data-element_type=\"widget\" data-widget_type=\"heading.default\">\n\t\t\t\t<div class=\"elementor-widget-container\">\n\t\t\t\t\t<h1 class=\"elementor-heading-title elementor-size-default\">Les 18\u00e8mes Journ\u00e9es Nationales et 6\u00e8mes Journ\u00e9es Internationales de Microbiologie: INSCRIPTION<\/h1>\t\t\t\t<\/div>\n\t\t\t\t<\/div>\n\t\t\t\t\t<\/div>\n\t\t<\/div>\n\t\t\t\t\t<\/div>\n\t\t<\/section>\n\t\t\t\t<section class=\"elementor-section elementor-top-section elementor-element elementor-element-f39a1b1 elementor-section-boxed elementor-section-height-default elementor-section-height-default\" data-id=\"f39a1b1\" data-element_type=\"section\">\n\t\t\t\t\t\t<div class=\"elementor-container elementor-column-gap-default\">\n\t\t\t\t\t<div class=\"elementor-column elementor-col-100 elementor-top-column elementor-element elementor-element-86477a8\" data-id=\"86477a8\" data-element_type=\"column\">\n\t\t\t<div class=\"elementor-widget-wrap elementor-element-populated\">\n\t\t\t\t\t\t<div class=\"elementor-element elementor-element-626d25a elementor-widget elementor-widget-text-editor\" data-id=\"626d25a\" data-element_type=\"widget\" data-widget_type=\"text-editor.default\">\n\t\t\t\t<div class=\"elementor-widget-container\">\n\t\t\t\t\t\t\t\t\t\n<div class=\"wpcf7 no-js\" id=\"wpcf7-f2787-o1\" lang=\"fr-FR\" dir=\"ltr\" data-wpcf7-id=\"2787\">\n<div class=\"screen-reader-response\"><p role=\"status\" aria-live=\"polite\" aria-atomic=\"true\"><\/p> <ul><\/ul><\/div>\n<form action=\"\/index.php\/wp-json\/wp\/v2\/pages\/1974#wpcf7-f2787-o1\" method=\"post\" class=\"wpcf7-form init\" aria-label=\"Formulaire de contact\" novalidate=\"novalidate\" data-status=\"init\">\n<fieldset class=\"hidden-fields-container\"><input type=\"hidden\" name=\"_wpcf7\" value=\"2787\" \/><input type=\"hidden\" name=\"_wpcf7_version\" value=\"6.1\" \/><input type=\"hidden\" name=\"_wpcf7_locale\" value=\"fr_FR\" \/><input type=\"hidden\" name=\"_wpcf7_unit_tag\" value=\"wpcf7-f2787-o1\" \/><input type=\"hidden\" name=\"_wpcf7_container_post\" value=\"0\" \/><input type=\"hidden\" name=\"_wpcf7_posted_data_hash\" value=\"\" \/><input type=\"hidden\" name=\"_wpcf7_recaptcha_response\" value=\"\" \/>\n<\/fieldset>\n<p><label><b><\/b><\/label>\n<\/p>\n<p style=\"color:#993366\";> Nom et Pr\u00e9nom<br \/>\n<span class=\"wpcf7-form-control-wrap\" data-name=\"your-name\"><input size=\"40\" maxlength=\"400\" class=\"wpcf7-form-control wpcf7-text wpcf7-validates-as-required\" aria-required=\"true\" aria-invalid=\"false\" value=\"\" type=\"text\" name=\"your-name\" \/><\/span>\n<\/p>\n<p><label> <b><\/b><\/label>\n<\/p>\n<p style=\"color:#993366\";>Fonction et grade\n<\/p>\n<p><label> <b><\/b><\/label>\n<\/p>\n<p style=\"color:#993366\";><span class=\"wpcf7-form-control-wrap\" data-name=\"radio-138\"><span class=\"wpcf7-form-control wpcf7-radio\"><span class=\"wpcf7-list-item first\"><label><input type=\"radio\" name=\"radio-138\" value=\"Etudiant\" \/><span class=\"wpcf7-list-item-label\">Etudiant<\/span><\/label><\/span><span class=\"wpcf7-list-item last\"><label><input type=\"radio\" name=\"radio-138\" value=\"Professionnel\" \/><span class=\"wpcf7-list-item-label\">Professionnel<\/span><\/label><\/span><\/span><\/span>\n<\/p>\n<p><label><b><\/b><\/label>\n<\/p>\n<p style=\"color:#993366\";> Universit\u00e9\/Institution\/Organisme ou laboratoire de recherche<br \/>\n<span class=\"wpcf7-form-control-wrap\" data-name=\"text-210\"><input size=\"40\" maxlength=\"400\" class=\"wpcf7-form-control wpcf7-text wpcf7-validates-as-required\" aria-required=\"true\" aria-invalid=\"false\" value=\"\" type=\"text\" name=\"text-210\" \/><\/span>\n<\/p>\n<p><label><b><\/b><\/label>\n<\/p>\n<p style=\"color:#993366\";> Votre e-mail<br \/>\n<span class=\"wpcf7-form-control-wrap\" data-name=\"your-email\"><input size=\"40\" maxlength=\"400\" class=\"wpcf7-form-control wpcf7-email wpcf7-validates-as-required wpcf7-text wpcf7-validates-as-email\" aria-required=\"true\" aria-invalid=\"false\" value=\"\" type=\"email\" name=\"your-email\" \/><\/span>\n<\/p>\n<p><label> <b><\/b><\/label>\n<\/p>\n<p style=\"color:#993366\";>Tel<br \/>\n<span class=\"wpcf7-form-control-wrap\" data-name=\"tel-323\"><input size=\"40\" maxlength=\"400\" class=\"wpcf7-form-control wpcf7-tel wpcf7-text wpcf7-validates-as-tel\" aria-invalid=\"false\" value=\"\" type=\"tel\" name=\"tel-323\" \/><\/span>\n<\/p>\n<p><label><br \/>\n<b><\/b><\/label>\n<\/p>\n<p style=\"color:#993366\";>Etes-vous adh\u00e9rent \u00e0 la STM\n<\/p>\n<p><span class=\"wpcf7-form-control-wrap\" data-name=\"radio-38\"><span class=\"wpcf7-form-control wpcf7-radio\"><span class=\"wpcf7-list-item first\"><label><input type=\"radio\" name=\"radio-38\" value=\"Oui\" \/><span class=\"wpcf7-list-item-label\">Oui<\/span><\/label><\/span><span class=\"wpcf7-list-item last\"><label><input type=\"radio\" name=\"radio-38\" value=\"Non\" \/><span class=\"wpcf7-list-item-label\">Non<\/span><\/label><\/span><\/span><\/span>\n<\/p>\n<p><label><br \/>\n<b><\/b><\/label>\n<\/p>\n<p style=\"color:#993366\";>Type d&rsquo;inscription\n<\/p>\n<p><label><br \/>\n<span class=\"wpcf7-form-control-wrap\" data-name=\"radio-238\"><span class=\"wpcf7-form-control wpcf7-radio\"><span class=\"wpcf7-list-item first\"><label><input type=\"radio\" name=\"radio-238\" value=\"Inscription pour une journ\u00e9e pour un \u00e9tudiant adh\u00e9rent \u00e0 la STM(200dt)\" \/><span class=\"wpcf7-list-item-label\">Inscription pour une journ\u00e9e pour un \u00e9tudiant adh\u00e9rent \u00e0 la STM(200dt)<\/span><\/label><\/span><span class=\"wpcf7-list-item\"><label><input type=\"radio\" name=\"radio-238\" value=\"Inscription pour une journ\u00e9e pour un \u00e9tudiant non adh\u00e9rent \u00e0 la STM  (250dt)\" \/><span class=\"wpcf7-list-item-label\">Inscription pour une journ\u00e9e pour un \u00e9tudiant non adh\u00e9rent \u00e0 la STM  (250dt)<\/span><\/label><\/span><span class=\"wpcf7-list-item\"><label><input type=\"radio\" name=\"radio-238\" value=\"Inscription pour une journ\u00e9e pour un professionnel adh\u00e9rent \u00e0 la STM(250dt)\" \/><span class=\"wpcf7-list-item-label\">Inscription pour une journ\u00e9e pour un professionnel adh\u00e9rent \u00e0 la STM(250dt)<\/span><\/label><\/span><span class=\"wpcf7-list-item\"><label><input type=\"radio\" name=\"radio-238\" value=\"Inscription pour une journ\u00e9e pour un professionnel non adh\u00e9rent \u00e0 la STM(300dt)\" \/><span class=\"wpcf7-list-item-label\">Inscription pour une journ\u00e9e pour un professionnel non adh\u00e9rent \u00e0 la STM(300dt)<\/span><\/label><\/span><span class=\"wpcf7-list-item\"><label><input type=\"radio\" name=\"radio-238\" value=\"Inscription  avec h\u00e9bergement pour un \u00e9tudiant adh\u00e9rent \u00e0 la STM(550dt)\" \/><span class=\"wpcf7-list-item-label\">Inscription  avec h\u00e9bergement pour un \u00e9tudiant adh\u00e9rent \u00e0 la STM(550dt)<\/span><\/label><\/span><span class=\"wpcf7-list-item\"><label><input type=\"radio\" name=\"radio-238\" value=\"Inscription avec h\u00e9bergement pour un \u00e9tudiant non adh\u00e9rent \u00e0 la STM(600dt)\" \/><span class=\"wpcf7-list-item-label\">Inscription avec h\u00e9bergement pour un \u00e9tudiant non adh\u00e9rent \u00e0 la STM(600dt)<\/span><\/label><\/span><span class=\"wpcf7-list-item\"><label><input type=\"radio\" name=\"radio-238\" value=\"Inscription avec h\u00e9bergement pour un professionnel adh\u00e9rent \u00e0 la STM(600dt)\" \/><span class=\"wpcf7-list-item-label\">Inscription avec h\u00e9bergement pour un professionnel adh\u00e9rent \u00e0 la STM(600dt)<\/span><\/label><\/span><span class=\"wpcf7-list-item last\"><label><input type=\"radio\" name=\"radio-238\" value=\"Inscription avec h\u00e9bergement pour un professionnel non adh\u00e9rent \u00e0 la STM  (650dt)\" \/><span class=\"wpcf7-list-item-label\">Inscription avec h\u00e9bergement pour un professionnel non adh\u00e9rent \u00e0 la STM  (650dt)<\/span><\/label><\/span><\/span><\/span><br \/>\n<\/label><br \/>\n<label><\/label>\n<\/p>\n<p style=\"color:#993366\";><b> Paiement par:<\/b>\n<\/p>\n<p><label><br \/>\n<span class=\"wpcf7-form-control-wrap\" data-name=\"radio-3899\"><span class=\"wpcf7-form-control wpcf7-radio\"><span class=\"wpcf7-list-item first\"><label><input type=\"radio\" name=\"radio-3899\" value=\"Bon de commande (Num\u00e9ro de l\u2019identifiant fiscal : N.P.1369850\/L)\" \/><span class=\"wpcf7-list-item-label\">Bon de commande (Num\u00e9ro de l\u2019identifiant fiscal : N.P.1369850\/L)<\/span><\/label><\/span><span class=\"wpcf7-list-item last\"><label><input type=\"radio\" name=\"radio-3899\" value=\"Virement bancaire RIB:10504017094945078886;IBAN:TN59;      10504017094945078886;BIC:STBKTNTT\" \/><span class=\"wpcf7-list-item-label\">Virement bancaire RIB:10504017094945078886;IBAN:TN59;      10504017094945078886;BIC:STBKTNTT<\/span><\/label><\/span><\/span><\/span><\/label>\n<\/p>\n<p><label><br \/>\n<input class=\"wpcf7-form-control wpcf7-submit has-spinner\" type=\"submit\" value=\"Envoyer\" \/> <\/label>\n<\/p><div class=\"wpcf7-response-output\" aria-hidden=\"true\"><\/div>\n<\/form>\n<\/div>\n\t\t\t\t\t\t\t\t<\/div>\n\t\t\t\t<\/div>\n\t\t\t\t\t<\/div>\n\t\t<\/div>\n\t\t\t\t\t<\/div>\n\t\t<\/section>\n\t\t\t\t<\/div>\n\t\t","protected":false},"excerpt":{"rendered":"<p>Les 18\u00e8mes Journ\u00e9es Nationales et 6\u00e8mes Journ\u00e9es Internationales de Microbiologie: INSCRIPTION<\/p>\n","protected":false},"author":1,"featured_media":0,"parent":0,"menu_order":0,"comment_status":"closed","ping_status":"closed","template":"","meta":{"footnotes":""},"class_list":["post-1974","page","type-page","status-publish","hentry"],"_links":{"self":[{"href":"https:\/\/www.ste-tun-microbio.com\/index.php\/wp-json\/wp\/v2\/pages\/1974","targetHints":{"allow":["GET"]}}],"collection":[{"href":"https:\/\/www.ste-tun-microbio.com\/index.php\/wp-json\/wp\/v2\/pages"}],"about":[{"href":"https:\/\/www.ste-tun-microbio.com\/index.php\/wp-json\/wp\/v2\/types\/page"}],"author":[{"embeddable":true,"href":"https:\/\/www.ste-tun-microbio.com\/index.php\/wp-json\/wp\/v2\/users\/1"}],"replies":[{"embeddable":true,"href":"https:\/\/www.ste-tun-microbio.com\/index.php\/wp-json\/wp\/v2\/comments?post=1974"}],"version-history":[{"count":35,"href":"https:\/\/www.ste-tun-microbio.com\/index.php\/wp-json\/wp\/v2\/pages\/1974\/revisions"}],"predecessor-version":[{"id":2794,"href":"https:\/\/www.ste-tun-microbio.com\/index.php\/wp-json\/wp\/v2\/pages\/1974\/revisions\/2794"}],"wp:attachment":[{"href":"https:\/\/www.ste-tun-microbio.com\/index.php\/wp-json\/wp\/v2\/media?parent=1974"}],"curies":[{"name":"wp","href":"https:\/\/api.w.org\/{rel}","templated":true}]}}